{"id":2207,"date":"2023-09-18T15:15:11","date_gmt":"2023-09-18T13:15:11","guid":{"rendered":"http:\/\/work.economic-literacy.eu\/the-value-of-non-working-time-and-gender-equality\/"},"modified":"2024-03-18T21:12:13","modified_gmt":"2024-03-18T20:12:13","slug":"the-value-of-non-working-time-and-gender-equality","status":"publish","type":"page","link":"http:\/\/work.economic-literacy.eu\/pl\/the-value-of-non-working-time-and-gender-equality\/","title":{"rendered":"Warto\u015b\u0107 czasu wolnego i r\u00f3wno\u015b\u0107 p\u0142ci\u00a0"},"content":{"rendered":"\n<p>\u017byjemy w czasach, gdy wi\u0119kszo\u015b\u0107 kobiet pracuje na pe\u0142ny etat i odnosi sukcesy w pracy. Uniwersytety i inni pracodawcy d\u0105\u017c\u0105 do zapewnienia r\u00f3wno\u015bci p\u0142ci, co w praktyce oznacza, \u017ce w chwili obecnej wol\u0105 zatrudnia\u0107 kobiety do momentu uzyskania stosunku p\u0142ci 50%-50%. W ten spos\u00f3b realizuje si\u0119 wizja ekonomii liberalno-feministycznej\u2013 kobiety powinny posiada\u0107 takie same kwalifikacje jak m\u0119\u017cczy\u017ani, obejmowa\u0107 te same stanowiska i tak samo zarabia\u0107. W takiej sytuacji albo ich partnerzy powinni przej\u0105\u0107 wi\u0119kszo\u015b\u0107 obowi\u0105zk\u00f3w domowych i tych zwi\u0105zanych ze sprawowaniem opieki, wykonywanych wcze\u015bniej przez nie same, albo prace te powinny by\u0107 wykonywane w ramach tzw.outsourcing\u2019u przez imigrant\u00f3w. W przypadku tego drugiego rozwi\u0105zania, r\u00f3wno\u015b\u0107 p\u0142ci odnosi si\u0119 tylko do klasy \u015bredniej kraj\u00f3w zachodnich. Wraz z rosn\u0105cymi globalnymi wyzwaniami, pracuj\u0105ce kobiety w spo\u0142ecze\u0144stwach zachodnich zaniedbuj\u0105 rodzin\u0119, maj\u0105c mniej czasu na opiek\u0119 nad dzie\u0107mi.\u00a0 Z tego powodu nie mo\u017ce to by\u0107 systemowe rozwi\u0105zanie problemu r\u00f3wno\u015bci p\u0142ci.\u00a0<\/p>\n\n\n\n<p>Teresa B\u00fccker (2022), niemiecka publicystka feministyczna i autorka ksi\u0105\u017cki \u201cAlle_Zeit\u201d (\u201cTo wszystko praca\u201d), postuluje podej\u015bcie do tematu r\u00f3wno\u015bci p\u0142ci z perspektywy czasu, w\u0142\u0105czaj\u0105c w to czas po\u015bwi\u0119cony na obowi\u0105zki domowe i opiek\u0119 and innymi. Z jednej strony, apeluje o docenienie tych dw\u00f3ch rodzaj\u00f3w pracy. Wykonywanie prac domowych umo\u017cliwia nam pobycie z samym sob\u0105 i mo\u017ce przynosi\u0107 wiele satysfakcji. Opieka and innymi stanowi ogromn\u0105 warto\u015b\u0107 i absolutn\u0105 podstaw\u0119 funkcjonowania spo\u0142ecze\u0144stwa. Musimy na ni\u0105 znale\u017a\u0107 czas podczas planowania w\u0142asnych dzia\u0142a\u0144. Powinna by\u0107 ona cz\u0119\u015bci\u0105 reform politycznych i traktowana w taki sam spos\u00f3b jak praca za wynagrodzeniem. Teresa B\u00fccker idzie krok dalej, \u017c\u0105daj\u0105c znalezienia czasu r\u00f3wnie\u017c na dzia\u0142alno\u015b\u0107 kulturaln\u0105 i polityczn\u0105. Czyni odniesienia do modelu niemieckiej socjolog Friggi Haug (2008), kt\u00f3ra proponowa\u0142a podzia\u0142 16 godzin kt\u00f3re mamy do naszej dyspozycji w ci\u0105gu dnia na dzia\u0142alno\u015b\u0107 zarobkow\u0105, opieku\u0144cz\u0105, kulturaln\u0105 (w\u0142\u0105czaj\u0105c w to sport) oraz dzia\u0142alno\u015b\u0107 wolontariack\u0105 i polityczn\u0105. Oczywi\u015bcie, to tylko model \u2013 nie nale\u017cy \u015bci\u015ble si\u0119 do niego stosowa\u0107. Niemniej jednak, wed\u0142ug Haug (2008) i B\u00fccker (2022), musimy docenia\u0107 czynno\u015bci wykonywane poza prac\u0105. Nale\u017cy je wszystkie rozwija\u0107 i piel\u0119gnowa\u0107, b\u0119d\u0105c cz\u0119\u015bci\u0105 spo\u0142ecze\u0144stwa, maj\u0105c w\u0142asn\u0105 spo\u0142eczno\u015b\u0107 i b\u0119d\u0105c dost\u0119pnymi dla innych. Ten pierwotnie utopijny model m\u00f3g\u0142by stworzy\u0107 wizj\u0119 spo\u0142ecze\u0144stwa b\u0119d\u0105cego poza systemem kapitalistycznym. B\u0119d\u0105c cz\u0119\u015bci\u0105 prawdziwej spo\u0142eczno\u015bci, nie potrzebujemy a\u017c tylu pieni\u0119dzy \u2013 mo\u017cemy sobie wzajemnie po\u017cycza\u0107 rzeczy, opiekowa\u0107 si\u0119 dzie\u0107mi, gotowa\u0107 dla siebie, itp.&nbsp;<\/p>\n\n\n\n<p>Kwestia podzia\u0142u czasu na wiele czynno\u015bci przypomina mi histori\u0119 uchod\u017aczyni z Odessy, uczestniczki warsztatu na temat edukacji finansowej, kt\u00f3ry wsp\u00f3\u0142prowadzi\u0142am dla grupy imigrant\u00f3w z Europy Wschodniej w Berlinie: wed\u0142ug niej, przed wojn\u0105 kobiety na Ukrainie pracowa\u0142y cz\u0119sto na p\u00f3\u0142 etatu, by m\u00f3c sprosta\u0107 obowi\u0105zkom opieki and innymi, ale tak\u017ce zaanga\u017cowa\u0107 si\u0119 w dzia\u0142alno\u015b\u0107 artystyczn\u0105, kulturaln\u0105 i religijn\u0105, tak niezb\u0119dn\u0105 dla rozwoju kobiety.&nbsp; W kontek\u015bcie Ukrainy, by\u0142o to mo\u017cliwe tylko dzi\u0119ki temu, i\u017c to m\u0119\u017cczyzna pracowa\u0142 na pe\u0142en etat, a \u017cona by\u0142a zale\u017cna od niego. Dla odmiany, wed\u0142ug propozycji Haug and B\u00fccker tak\u017ce m\u0119\u017cczy\u017ani powinni m\u00f3c znale\u017a\u0107 czas na te same czynno\u015bci. Historia opowiedziana przez przez uczestniczk\u0119 warsztatu zapad\u0142a mi w pami\u0119\u0107 z uwagi na fakt, i\u017c-jak twierdzi\u0142a- wiele kobiet na Ukrainie zdaje sobie spraw\u0119, \u017ce czas to najwi\u0119ksza warto\u015b\u0107 i musz\u0105 po\u015bwi\u0119ci\u0107 czas na czynno\u015bci, kt\u00f3re pomog\u0105 im \u017cy\u0107 pe\u0142ni\u0105 \u017cycia w spo\u0142ecze\u0144stwie o nie najwy\u017cszej koniunkturze. By\u0107 mo\u017ce naukowcy i autorzy z kraj\u00f3w zachodnich powinni baczniej przyjrze\u0107 si\u0119 modelom \u017cycia w mniej zamo\u017cnych spo\u0142ecze\u0144stwach i zaadoptowa\u0107 go dla potrzeb ekologicznej, pokapitalistycznej przysz\u0142o\u015bci.&nbsp;&nbsp;&nbsp;<\/p>\n\n\n\n<p>B\u00fccker, Teresa (2022), Alle_Zeit. Ullstein-Verlag.<\/p>\n\n\n\n<p>Haug, F. (2008), Die Vier-in-einem-Perspektive: Politik von Frauen f\u00fcr eine neue Linke<em>.<\/em> Argument-Verlag.<\/p>\n\n\n\n<p>Autor zdj\u0119cia <a href=\"https:\/\/unsplash.com\/de\/fotos\/yBzrPGLjMQw\" target=\"_blank\" rel=\"noreferrer noopener\">Heather Zabrieskie na Unsplash<\/a><\/p>\n\n\n\n<p><em>A<\/em><strong>utor:<\/strong> Dr. Ewa D\u0105browska, weltgewandt e.V. \/ Berlin<\/p>\n\n\n\n<figure class=\"wp-block-image size-full is-resized\"><img fetchpriority=\"high\" decoding=\"async\" width=\"639\" height=\"225\" src=\"http:\/\/work.economic-literacy.eu\/wp-content\/uploads\/image-2.png\" alt=\"\" class=\"wp-image-928\" style=\"width:129px;height:45px\" srcset=\"http:\/\/work.economic-literacy.eu\/wp-content\/uploads\/image-2.png 639w, http:\/\/work.economic-literacy.eu\/wp-content\/uploads\/image-2-300x106.png 300w\" sizes=\"(max-width: 639px) 100vw, 639px\" \/><\/figure>\n\n\n\n<p>Niniejszy tekst zosta\u0142 opublikowany na warunkach licencji Creative Commons: CC BY-SA 2.0. Imi\u0119 i nazwisko autora jest nast\u0119puj\u0105ce: CC BY-SA 2.0, Autor: dr Ewa D\u0105browska, \u017ar\u00f3d\u0142o finansowania: Program Unii Europejskiej Erasmus+ na rzecz Edukacji Doros\u0142ych. Tekst i materia\u0142y mog\u0105 by\u0107 powielane, rozpowszechniane, publicznie udost\u0119pniane, udost\u0119pniane i dostosowywane pod nast\u0119puj\u0105cymi warunkami:  W ka\u017cdym przypadku nale\u017cy opublikowa\u0107 nazwisko autora, licencj\u0119, jak r\u00f3wnie\u017c adres strony internetowej oryginalnego \u017ar\u00f3d\u0142a.<\/p>\n\n\n\n<p><em>Wsparcie Komisji Europejskiej dla powstania niniejszej publikacji nie stanowi aprobaty dla jej tre\u015bci, kt\u00f3ra odzwierciedla jedynie pogl\u0105dy autor\u00f3w, a Komisja Europejska nie ponosi odpowiedzialno\u015bci za jakiekolwiek wykorzystanie informacji w niej zawartych.<\/em><\/p>\n","protected":false},"excerpt":{"rendered":"<p>\u017byjemy w czasach, gdy wi\u0119kszo\u015b\u0107 kobiet pracuje na pe\u0142ny etat i odnosi sukcesy w pracy. Uniwersytety i inni pracodawcy d\u0105\u017c\u0105 do zapewnienia r\u00f3wno\u015bci p\u0142ci, co w praktyce oznacza, \u017ce w chwili obecnej wol\u0105 zatrudnia\u0107 kobiety do momentu uzyskania stosunku p\u0142ci 50%-50%. W ten spos\u00f3b realizuje si\u0119 wizja ekonomii liberalno-feministycznej\u2013 kobiety powinny posiada\u0107 takie same kwalifikacje &hellip;<\/p>\n<p class=\"read-more\"> <a class=\"\" href=\"http:\/\/work.economic-literacy.eu\/pl\/the-value-of-non-working-time-and-gender-equality\/\"> <span class=\"screen-reader-text\">Warto\u015b\u0107 czasu wolnego i r\u00f3wno\u015b\u0107 p\u0142ci\u00a0<\/span> Read More &raquo;<\/a><\/p>\n","protected":false},"author":1,"featured_media":1282,"parent":0,"menu_order":0,"comment_status":"closed","ping_status":"closed","template":"","meta":{"site-sidebar-layout":"default","site-content-layout":"","ast-site-content-layout":"default","site-content-style":"default","site-sidebar-style":"default","ast-global-header-display":"","ast-banner-title-visibility":"","ast-main-header-display":"","ast-hfb-above-header-display":"","ast-hfb-below-header-display":"","ast-hfb-mobile-header-display":"","site-post-title":"","ast-breadcrumbs-content":"","ast-featured-img":"","footer-sml-layout":"","theme-transparent-header-meta":"","adv-header-id-meta":"","stick-header-meta":"","header-above-stick-meta":"","header-main-stick-meta":"","header-below-stick-meta":"","astra-migrate-meta-layouts":"set","ast-page-background-enabled":"default","ast-page-background-meta":{"desktop":{"background-color":"","background-image":"","background-repeat":"repeat","background-position":"center center","background-size":"auto","background-attachment":"scroll","background-type":"","background-media":"","overlay-type":"","overlay-color":"","overlay-gradient":""},"tablet":{"background-color":"","background-image":"","background-repeat":"repeat","background-position":"center center","background-size":"auto","background-attachment":"scroll","background-type":"","background-media":"","overlay-type":"","overlay-color":"","overlay-gradient":""},"mobile":{"background-color":"","background-image":"","background-repeat":"repeat","background-position":"center center","background-size":"auto","background-attachment":"scroll","background-type":"","background-media":"","overlay-type":"","overlay-color":"","overlay-gradient":""}},"ast-content-background-meta":{"desktop":{"background-color":"var(--ast-global-color-5)","background-image":"","background-repeat":"repeat","background-position":"center center","background-size":"auto","background-attachment":"scroll","background-type":"","background-media":"","overlay-type":"","overlay-color":"","overlay-gradient":""},"tablet":{"background-color":"var(--ast-global-color-5)","background-image":"","background-repeat":"repeat","background-position":"center center","background-size":"auto","background-attachment":"scroll","background-type":"","background-media":"","overlay-type":"","overlay-color":"","overlay-gradient":""},"mobile":{"background-color":"var(--ast-global-color-5)","background-image":"","background-repeat":"repeat","background-position":"center center","background-size":"auto","background-attachment":"scroll","background-type":"","background-media":"","overlay-type":"","overlay-color":"","overlay-gradient":""}},"footnotes":""},"class_list":["post-2207","page","type-page","status-publish","has-post-thumbnail","hentry"],"_links":{"self":[{"href":"http:\/\/work.economic-literacy.eu\/pl\/wp-json\/wp\/v2\/pages\/2207","targetHints":{"allow":["GET"]}}],"collection":[{"href":"http:\/\/work.economic-literacy.eu\/pl\/wp-json\/wp\/v2\/pages"}],"about":[{"href":"http:\/\/work.economic-literacy.eu\/pl\/wp-json\/wp\/v2\/types\/page"}],"author":[{"embeddable":true,"href":"http:\/\/work.economic-literacy.eu\/pl\/wp-json\/wp\/v2\/users\/1"}],"replies":[{"embeddable":true,"href":"http:\/\/work.economic-literacy.eu\/pl\/wp-json\/wp\/v2\/comments?post=2207"}],"version-history":[{"count":2,"href":"http:\/\/work.economic-literacy.eu\/pl\/wp-json\/wp\/v2\/pages\/2207\/revisions"}],"predecessor-version":[{"id":2212,"href":"http:\/\/work.economic-literacy.eu\/pl\/wp-json\/wp\/v2\/pages\/2207\/revisions\/2212"}],"wp:featuredmedia":[{"embeddable":true,"href":"http:\/\/work.economic-literacy.eu\/pl\/wp-json\/wp\/v2\/media\/1282"}],"wp:attachment":[{"href":"http:\/\/work.economic-literacy.eu\/pl\/wp-json\/wp\/v2\/media?parent=2207"}],"curies":[{"name":"wp","href":"https:\/\/api.w.org\/{rel}","templated":true}]}}

Wartość czasu wolnego i równość płci

<p>Żyjemy w czasach, gdy większość kobiet pracuje na pełny etat i odnosi sukcesy w pracy. Uniwersytety i inni pracodawcy dążą do zapewnienia równości płci, co w praktyce oznacza, że w chwili obecnej wolą zatrudniać kobiety do momentu uzyskania stosunku płci 50%-50%. W ten sposób realizuje się wizja ekonomii liberalno-feministycznej– kobiety powinny posiadać takie same kwalifikacje jak mężczyźni, obejmować te same stanowiska i tak samo zarabiać. W takiej sytuacji albo ich partnerzy powinni przejąć większość obowiązków domowych i tych związanych ze sprawowaniem opieki, wykonywanych wcześniej przez nie same, albo prace te powinny być wykonywane w ramach tzw.outsourcing’u przez imigrantów. W przypadku tego drugiego rozwiązania, równość płci odnosi się tylko do klasy średniej krajów zachodnich. Wraz z rosnącymi globalnymi wyzwaniami, pracujące kobiety w społeczeństwach zachodnich zaniedbują rodzinę, mając mniej czasu na opiekę nad dziećmi.  Z tego powodu nie może to być systemowe rozwiązanie problemu równości płci. </p>



<p>Teresa Bücker (2022), niemiecka publicystka feministyczna i autorka książki “Alle_Zeit” (“To wszystko praca”), postuluje podejście do tematu równości płci z perspektywy czasu, włączając w to czas poświęcony na obowiązki domowe i opiekę and innymi. Z jednej strony, apeluje o docenienie tych dwóch rodzajów pracy. Wykonywanie prac domowych umożliwia nam pobycie z samym sobą i może przynosić wiele satysfakcji. Opieka and innymi stanowi ogromną wartość i absolutną podstawę funkcjonowania społeczeństwa. Musimy na nią znaleźć czas podczas planowania własnych działań. Powinna być ona częścią reform politycznych i traktowana w taki sam sposób jak praca za wynagrodzeniem. Teresa Bücker idzie krok dalej, żądając znalezienia czasu również na działalność kulturalną i polityczną. Czyni odniesienia do modelu niemieckiej socjolog Friggi Haug (2008), która proponowała podział 16 godzin które mamy do naszej dyspozycji w ciągu dnia na działalność zarobkową, opiekuńczą, kulturalną (włączając w to sport) oraz działalność wolontariacką i polityczną. Oczywiście, to tylko model – nie należy ściśle się do niego stosować. Niemniej jednak, według Haug (2008) i Bücker (2022), musimy doceniać czynności wykonywane poza pracą. Należy je wszystkie rozwijać i pielęgnować, będąc częścią społeczeństwa, mając własną społeczność i będąc dostępnymi dla innych. Ten pierwotnie utopijny model mógłby stworzyć wizję społeczeństwa będącego poza systemem kapitalistycznym. Będąc częścią prawdziwej społeczności, nie potrzebujemy aż tylu pieniędzy – możemy sobie wzajemnie pożyczać rzeczy, opiekować się dziećmi, gotować dla siebie, itp.&nbsp;</p>



<p>Kwestia podziału czasu na wiele czynności przypomina mi historię uchodźczyni z Odessy, uczestniczki warsztatu na temat edukacji finansowej, który współprowadziłam dla grupy imigrantów z Europy Wschodniej w Berlinie: według niej, przed wojną kobiety na Ukrainie pracowały często na pół etatu, by móc sprostać obowiązkom opieki and innymi, ale także zaangażować się w działalność artystyczną, kulturalną i religijną, tak niezbędną dla rozwoju kobiety.&nbsp; W kontekście Ukrainy, było to możliwe tylko dzięki temu, iż to mężczyzna pracował na pełen etat, a żona była zależna od niego. Dla odmiany, według propozycji Haug and Bücker także mężczyźni powinni móc znaleźć czas na te same czynności. Historia opowiedziana przez przez uczestniczkę warsztatu zapadła mi w pamięć z uwagi na fakt, iż-jak twierdziła- wiele kobiet na Ukrainie zdaje sobie sprawę, że czas to największa wartość i muszą poświęcić czas na czynności, które pomogą im żyć pełnią życia w społeczeństwie o nie najwyższej koniunkturze. Być może naukowcy i autorzy z krajów zachodnich powinni baczniej przyjrzeć się modelom życia w mniej zamożnych społeczeństwach i zaadoptować go dla potrzeb ekologicznej, pokapitalistycznej przyszłości.&nbsp;&nbsp;&nbsp;</p>



<p>Bücker, Teresa (2022), Alle_Zeit. Ullstein-Verlag.</p>



<p>Haug, F. (2008), Die Vier-in-einem-Perspektive: Politik von Frauen für eine neue Linke<em>.</em> Argument-Verlag.</p>



<p>Autor zdjęcia <a href="https://unsplash.com/de/fotos/yBzrPGLjMQw" target="_blank" rel="noreferrer noopener">Heather Zabrieskie na Unsplash</a></p>



<p><em>A</em><strong>utor:</strong> Dr. Ewa Dąbrowska, weltgewandt e.V. / Berlin</p>



<figure class="wp-block-image size-full is-resized"><img fetchpriority="high" decoding="async" width="639" height="225" src="http://work.economic-literacy.eu/wp-content/uploads/image-2.png" alt="" class="wp-image-928" style="width:129px;height:45px" srcset="http://work.economic-literacy.eu/wp-content/uploads/image-2.png 639w, http://work.economic-literacy.eu/wp-content/uploads/image-2-300x106.png 300w" sizes="(max-width: 639px) 100vw, 639px" /></figure>



<p>Niniejszy tekst został opublikowany na warunkach licencji Creative Commons: CC BY-SA 2.0. Imię i nazwisko autora jest następujące: CC BY-SA 2.0, Autor: dr Ewa Dąbrowska, źródło finansowania: Program Unii Europejskiej Erasmus+ na rzecz Edukacji Dorosłych. Tekst i materiały mogą być powielane, rozpowszechniane, publicznie udostępniane, udostępniane i dostosowywane pod następującymi warunkami:  W każdym przypadku należy opublikować nazwisko autora, licencję, jak również adres strony internetowej oryginalnego źródła.</p>



<p><em>Wsparcie Komisji Europejskiej dla powstania niniejszej publikacji nie stanowi aprobaty dla jej treści, która odzwierciedla jedynie poglądy autorów, a Komisja Europejska nie ponosi odpowiedzialności za jakiekolwiek wykorzystanie informacji w niej zawartych.</em></p>

<p>Żyjemy w czasach, gdy większość kobiet pracuje na pełny etat i odnosi sukcesy w pracy. Uniwersytety i inni pracodawcy dążą do zapewnienia równości płci, co w praktyce oznacza, że w chwili obecnej wolą zatrudniać kobiety do momentu uzyskania stosunku płci 50%-50%. W ten sposób realizuje się wizja ekonomii liberalno-feministycznej– kobiety powinny posiadać takie same kwalifikacje &hellip;</p>
<p class="read-more"> <a class="" href="http://work.economic-literacy.eu/pl/the-value-of-non-working-time-and-gender-equality/"> <span class="screen-reader-text">Wartość czasu wolnego i równość płci </span> Read More &raquo;</a></p>
