{"id":1902,"date":"2023-02-24T23:16:06","date_gmt":"2023-02-24T22:16:06","guid":{"rendered":"http:\/\/work.economic-literacy.eu\/der-digitale-fussabdruck-und-die-grenzen-des-wachstums-teil-1-energieverbrauch\/"},"modified":"2024-03-14T08:38:28","modified_gmt":"2024-03-14T07:38:28","slug":"der-digitale-fussabdruck-und-die-grenzen-des-wachstums-teil-1-energieverbrauch","status":"publish","type":"page","link":"http:\/\/work.economic-literacy.eu\/de\/der-digitale-fussabdruck-und-die-grenzen-des-wachstums-teil-1-energieverbrauch\/","title":{"rendered":"Der digitale Fu\u00dfabdruck und die Grenzen des Wachstums Teil 1: Energieverbrauch"},"content":{"rendered":"\n<p><em>Die gr\u00fcnen Versprechen der Digitalisierung kritisch betrachtet.<\/em><br><br>Ich f\u00fchre gerade eine Diskussion mit einer Freundin, und um zu zeigen, dass ich klug bin, verwende ich das komplizierte Wort \u201edialektisch\u201c. Nach einer Nachfrage, was ich damit meine, merke ich, dass ich den Begriff eigentlich gar nicht erkl\u00e4ren kann, und wende mich an die beliebte k\u00fcnstliche Intelligenz ChatGPT um Hilfe. Doch was erwartet mich dort? \u201eChatGPT ist derzeit ausgelastet (\u2026) wir benachrichtigen Sie,\u00a0 wenn wir zur\u00fcck sind.\u201c<br>Was? Das klingt f\u00fcr mich wie eine digitale Version eines T\u00fcrschilds in einem Tante Emma Laden, auf dem steht: \u201eVor\u00fcbergehend geschlossen, bin gleich wieder da.\u201c Kapazit\u00e4tsgrenzen im Internet &#8211; eine Irritation, die mich nachdenklich macht. Erstens, zeigt es mir, wie schnell wir uns an ein Gef\u00fchl der unendlichen und sofortigen Verf\u00fcgbarkeit gew\u00f6hnen, besonders im digitalen Raum. Zweitens wird f\u00fcr mich daran auch deutlich, dass wir uns an eine Geschichte der Grenzenlosigkeit gew\u00f6hnt haben, wovon die neueste Version sagt, dass die Digitalisierung uns erm\u00f6glichen wird, alle \u00f6kologischen Grenzen des Wirtschaftswachstums zu \u00fcberwinden. Ich bin skeptisch und frage mich, welche realen \u00f6kologischen Auswirkungen die Digitalisierung eigentlich hat und wie sie sich zu den Grenzen des Wachstums verh\u00e4lt, denen wir gegen\u00fcberstehen. Gl\u00fccklicherweise hat sich eine wissenschaftliche Arbeitsgruppe zum Thema \u201eDigitalisierung und Nachhaltigkeit\u201c der Aufgabe bereits angenommen, diese Beziehung systematischer zu betrachten [1]. In einem Papier fragen sie, wie sich die zunehmende Verbreitung von Informationstechnologie (ICT) in der Wirtschaft auf den Energieverbrauch auf makro\u00f6konomischer Ebene auswirkt [2]. Der Energieverbrauch ist deshalb so interessant, weil er einer der wichtigsten Triebkr\u00e4fte f\u00fcr \u00f6kologische Probleme ist. Wie sich der Energieverbrauch durch Digitalisierung ver\u00e4ndert h\u00e4ngt ihnen zu folge <strong>von der St\u00e4rke von vier verschiedenen Konsequenzen der Digitalisierung <\/strong>ab (Abbildung): Zwei Effekte k\u00f6nnen den Energieverbrauch verringern (gr\u00fcn), w\u00e4hrend zwei ihn erh\u00f6hen (rot).<\/p>\n\n\n\n<figure class=\"wp-block-image\"><img decoding=\"async\" src=\"https:\/\/lh7-us.googleusercontent.com\/7x7ga5KhSiRF-6l31cb3EmPiOnXk08_EBuw1W-GT-eV1NK8M6btSXrkNnofoqLeuwYNVKv44Rs5EkMMGc_Tx5gi676qfDLGo1DAJA3tGxmLIEJQxXOdIW9UaVvYmYT1uGHFtvHFtdf_fJauro8Gnbg\" alt=\"C:UsersspfauAppDataLocalMicrosoftWindowsINetCacheContent.Word1-s2.0-S0921800919320622-ga1_lrg.jpg\"\/><\/figure>\n\n\n<\/p>\n<p>\n\n\n<p>1.) Ein gr\u00fcner Faktor der Digitalisierung ist <strong>die potentielle Steigerung der Energieeffizienz:<\/strong> Denken Sie an reduzierten Autoverkehr durch Videokonferenzen, energieeffizientere Produktionsprozesse oder intelligente Logistik, die Transportenergie spart. Dieser Effekt ist ziemlich einfach nachvollziehbar und in Diskussionen um nachhaltige Digitalisierung omnipr\u00e4sent.<br><br>2.) Ein weiteres gr\u00fcnes Potenzial ist der mit der Digitalisierung einhergehende <strong>Strukturwandel<\/strong>: Stellen Sie sich vor, mehr wirtschaftliche Aktivit\u00e4ten, Produkte und Arbeitspl\u00e4tze verlagern sich durch die Digitalisierung von industriellen Sektoren zu Dienstleistungssektoren. Dienstleistungssektoren sind im Allgemeinen weniger energieintensiv, was zu einem geringeren Energieverbrauch f\u00fchren k\u00f6nnte. Wir h\u00f6ren auch viel \u00fcber diesen Effekt der Digitalisierung, doch das ist nicht das ganze Bild.<br><br>3.) Die <strong>direkten Effekte<\/strong> der Digitalisierung beziehen sich auf die gesamte Energie, die ben\u00f6tigt wird, um Server zu betreiben und zu k\u00fchlen, Algorithmen zu trainieren, Servergeb\u00e4ude zu nutzen, Daten zu \u00fcbertragen, Mitarbeiter einzusetzen usw. Die digitale Welt ben\u00f6tigt eine reale und materielle und energieintensive Infrastruktur, Orte und Menschen, die daran arbeiten.<br><br>4.) Neben diesen greifbaren Effekten der Digitalisierung gibt es auch einen indirekten: <strong>Wirtschaftswachstum <\/strong>durch Erh\u00f6hung der Arbeitsproduktivit\u00e4t. F\u00fcr viele ist das auch genau das Ziel der Digitalisierung, aber das Problem ist, dass Wachstum eng mit steigendem Energieverbrauch verbunden bleibt und somit die Digitalisierung auch steigenden Energieverbrauch ansto\u00dfen kann.<\/p>\n\n\n<\/p>\n<p>\n\n\n<p>Ob die Digitalisierung uns am Ende dabei hilft, Energie zu sparen, ist nicht so einfach zu sagen, denn uns fehlen genaue Daten f\u00fcr alle vier Aspekte, und es ist schwer zu messen, welche Effekte tats\u00e4chlich der Digitalisierung zuzurechnen sind. Die Autor*innen versuchen dennoch, mit den bestehenden Daten Tendenzen aufzuzeigen, und kommen zu dem Schluss, dass <strong>die Digitalisierung bisher den Gesamtenergieverbrauch in der Wirtschaft eher zu erh\u00f6hen scheint.<\/strong> Okay, k\u00f6nnten Sie sagen, aber warum sollte es mich interessieren, wenn der Energieverbrauch steigt, wenn wir ja einfach gr\u00fcne Energiequellen verwenden k\u00f6nnen? Ist das dann nicht auch nachhaltig? Das Problem ist, dass wir noch sehr weit davon entfernt sind, 100% erneuerbare Energie zu erreichen (im Strom, aber vor allem auch im W\u00e4rmebereich), und es wird viel schwieriger, dieses Ziel zu erreichen, wenn der Energieverbrauch gleichzeitig steigt. Aus diesem Grund k\u00f6nnen wir durchaus in Frage stellen, ob die Digitalisierung die M\u00f6glichkeit f\u00fcr gr\u00fcnes Wachstum erh\u00f6ht. In einer anderen Studie zu Digitalisierung und gr\u00fcnem Wachstum kommen die Autor*innen zu dem Schluss, dass<em> \u201e\u2026die Digitalisierung an sich nicht zu einer ausreichenden absoluten Entkopplung f\u00fchrt, d. h. zu einer ausreichenden Reduzierung von Ressourcen- und Energiebedarf sowie Umweltauswirkungen, um wichtige Nachhaltigkeitsziele zu erreichen, wie die Begrenzung der globalen Erw\u00e4rmung auf oder unter 1,5 Grad Celsius\u201c<\/em> [3].<\/p>\n\n\n<\/p>\n<p>\n\n\n<p>Also, was k\u00f6nnen wir daraus lernen: Die Ausbreitung digitaler Technologien und digitaler Sektoren hat reale \u00f6kologische Auswirkungen, die mehr Aufmerksamkeit brauchen. Digitalisierung ist nicht an sich nachhaltig, sondern es h\u00e4ngt von dem politisch-wirtschaftlichen Rahmen ab, den wir ihr in unserer Gesellschaft geben, welche der genannten Effekte gef\u00f6rdert werden. Dies wird das n\u00e4chste Thema dieser zweiteiligen Blogserie sein, in der wir uns mit dem Konzept der \u201edigitalen Suffizienz\u201c auseinandersetzen.<\/p>\n\n\n<\/p>\n<p>\n\n\n<p><strong>Quellen: (last access on 21.02.2023)<\/strong><br>[1] <a href=\"http:\/\/www.nachhaltige-digitalisierung.de\/\">www.nachhaltige-digitalisierung.de\/<\/a><br>[2] Lange, S.; Pohl, J.; Santarius, T. Digitalization and energy consumption. Does ICT reduce energy demand? <em>Ecological Economics<\/em> <strong>2020<\/strong>, <em>176<\/em>. Available at: <a href=\"https:\/\/www.sciencedirect.com\/science\/article\/pii\/S0921800919320622?via%3Dihub\">https:\/\/www.sciencedirect.com\/science\/article\/pii\/S0921800919320622?via%3Dihub<\/a><br>[3]<sup> <\/sup>Santarius, T.; Pohl, J.; Lange, S. Digitalization and the Decoupling Debate: Can ICT Help to Reduce Environmental Impacts While the Economy Keeps Growing? <em>Sustainability<\/em> <strong>2020<\/strong>, <em>12<\/em>, 7496. Available at: <a href=\"https:\/\/www.mdpi.com\/2071-1050\/12\/18\/7496\">https:\/\/www.mdpi.com\/2071-1050\/12\/18\/7496<\/a>&nbsp; p. 12.<br><br><strong>Autor:<\/strong> Sven-David Pfau, Wirtschaftsuniversit\u00e4t Wien&nbsp;<\/p>\n\n\n<\/p>\n<p>\n\n\n<figure class=\"wp-block-image\"><img decoding=\"async\" src=\"https:\/\/lh7-us.googleusercontent.com\/r3nPwPSarIAzVrbULdRDshbyl1bxNQej0qx8yGlxrZbcxfhEbOv6etT57gKMfuYVA_VjXJZRmhiWxnj0G2O66XzdpPttDtIc6UQFGSusqZp76f4-lbMUkfJiFjuLkudAITnvhLF0QgTY\" alt=\"Ein Bild, das Symbol, Grafiken, Schrift, Kreis enth\u00e4lt. Automatisch generierte Beschreibung\"\/><\/figure>\n\n\n<\/p>\n<p>\n\n\n<p>Dieser Text wird gem\u00e4\u00df den Bestimmungen der Creative Commons-Lizenz ver\u00f6ffentlicht: CC BY-SA 2.0. Der Name des Autors lautet wie folgt: Sven-David Pfau. Der Text und die Materialien d\u00fcrfen unter folgenden Bedingungen reproduziert, verteilt, \u00f6ffentlich zug\u00e4nglich gemacht, geteilt und angepasst werden: In jedem Fall muss der Name des Autors, die Lizenz sowie die Website-Adresse der Originalquelle ver\u00f6ffentlicht werden.<br><em>Von der Europ\u00e4ischen Union finanziert im Programm Erasmus+. Die ge\u00e4u\u00dferten Ansichten und Meinungen entsprechen jedoch ausschlie\u00dflich denen des Autors bzw. der Autoren und spiegeln nicht zwingend die der Europ\u00e4ischen Union oder der Nationalagentur wider. Weder die Europ\u00e4ische Union noch die&nbsp; Nationalagentur k\u00f6nnen daf\u00fcr verantwortlich gemacht werden.<\/em><\/p>\n\n\n<\/p>\n<\/p>\n<\/p>\n\n\n<p><\/p>\n","protected":false},"excerpt":{"rendered":"<p>Die gr\u00fcnen Versprechen der Digitalisierung kritisch betrachtet. Ich f\u00fchre gerade eine Diskussion mit einer Freundin, und um zu zeigen, dass ich klug bin, verwende ich das komplizierte Wort \u201edialektisch\u201c. Nach einer Nachfrage, was ich damit meine, merke ich, dass ich den Begriff eigentlich gar nicht erkl\u00e4ren kann, und wende mich an die beliebte k\u00fcnstliche Intelligenz &hellip;<\/p>\n<p class=\"read-more\"> <a class=\"\" href=\"http:\/\/work.economic-literacy.eu\/de\/der-digitale-fussabdruck-und-die-grenzen-des-wachstums-teil-1-energieverbrauch\/\"> <span class=\"screen-reader-text\">Der digitale Fu\u00dfabdruck und die Grenzen des Wachstums Teil 1: Energieverbrauch<\/span> Weiterlesen &raquo;<\/a><\/p>\n","protected":false},"author":1,"featured_media":1907,"parent":0,"menu_order":0,"comment_status":"closed","ping_status":"closed","template":"","meta":{"site-sidebar-layout":"default","site-content-layout":"","ast-site-content-layout":"","site-content-style":"default","site-sidebar-style":"default","ast-global-header-display":"","ast-banner-title-visibility":"","ast-main-header-display":"","ast-hfb-above-header-display":"","ast-hfb-below-header-display":"","ast-hfb-mobile-header-display":"","site-post-title":"","ast-breadcrumbs-content":"","ast-featured-img":"","footer-sml-layout":"","theme-transparent-header-meta":"","adv-header-id-meta":"","stick-header-meta":"","header-above-stick-meta":"","header-main-stick-meta":"","header-below-stick-meta":"","astra-migrate-meta-layouts":"set","ast-page-background-enabled":"default","ast-page-background-meta":{"desktop":{"background-color":"","background-image":"","background-repeat":"repeat","background-position":"center center","background-size":"auto","background-attachment":"scroll","background-type":"","background-media":"","overlay-type":"","overlay-color":"","overlay-gradient":""},"tablet":{"background-color":"","background-image":"","background-repeat":"repeat","background-position":"center center","background-size":"auto","background-attachment":"scroll","background-type":"","background-media":"","overlay-type":"","overlay-color":"","overlay-gradient":""},"mobile":{"background-color":"","background-image":"","background-repeat":"repeat","background-position":"center center","background-size":"auto","background-attachment":"scroll","background-type":"","background-media":"","overlay-type":"","overlay-color":"","overlay-gradient":""}},"ast-content-background-meta":{"desktop":{"background-color":"var(--ast-global-color-5)","background-image":"","background-repeat":"repeat","background-position":"center center","background-size":"auto","background-attachment":"scroll","background-type":"","background-media":"","overlay-type":"","overlay-color":"","overlay-gradient":""},"tablet":{"background-color":"var(--ast-global-color-5)","background-image":"","background-repeat":"repeat","background-position":"center center","background-size":"auto","background-attachment":"scroll","background-type":"","background-media":"","overlay-type":"","overlay-color":"","overlay-gradient":""},"mobile":{"background-color":"var(--ast-global-color-5)","background-image":"","background-repeat":"repeat","background-position":"center center","background-size":"auto","background-attachment":"scroll","background-type":"","background-media":"","overlay-type":"","overlay-color":"","overlay-gradient":""}},"footnotes":""},"class_list":["post-1902","page","type-page","status-publish","has-post-thumbnail","hentry"],"_links":{"self":[{"href":"http:\/\/work.economic-literacy.eu\/de\/wp-json\/wp\/v2\/pages\/1902","targetHints":{"allow":["GET"]}}],"collection":[{"href":"http:\/\/work.economic-literacy.eu\/de\/wp-json\/wp\/v2\/pages"}],"about":[{"href":"http:\/\/work.economic-literacy.eu\/de\/wp-json\/wp\/v2\/types\/page"}],"author":[{"embeddable":true,"href":"http:\/\/work.economic-literacy.eu\/de\/wp-json\/wp\/v2\/users\/1"}],"replies":[{"embeddable":true,"href":"http:\/\/work.economic-literacy.eu\/de\/wp-json\/wp\/v2\/comments?post=1902"}],"version-history":[{"count":8,"href":"http:\/\/work.economic-literacy.eu\/de\/wp-json\/wp\/v2\/pages\/1902\/revisions"}],"predecessor-version":[{"id":2000,"href":"http:\/\/work.economic-literacy.eu\/de\/wp-json\/wp\/v2\/pages\/1902\/revisions\/2000"}],"wp:featuredmedia":[{"embeddable":true,"href":"http:\/\/work.economic-literacy.eu\/de\/wp-json\/wp\/v2\/media\/1907"}],"wp:attachment":[{"href":"http:\/\/work.economic-literacy.eu\/de\/wp-json\/wp\/v2\/media?parent=1902"}],"curies":[{"name":"wp","href":"https:\/\/api.w.org\/{rel}","templated":true}]}}

Der digitale Fußabdruck und die Grenzen des Wachstums Teil 1: Energieverbrauch

<p><em>Die grünen Versprechen der Digitalisierung kritisch betrachtet.</em><br><br>Ich führe gerade eine Diskussion mit einer Freundin, und um zu zeigen, dass ich klug bin, verwende ich das komplizierte Wort „dialektisch“. Nach einer Nachfrage, was ich damit meine, merke ich, dass ich den Begriff eigentlich gar nicht erklären kann, und wende mich an die beliebte künstliche Intelligenz ChatGPT um Hilfe. Doch was erwartet mich dort? „ChatGPT ist derzeit ausgelastet (…) wir benachrichtigen Sie,  wenn wir zurück sind.“<br>Was? Das klingt für mich wie eine digitale Version eines Türschilds in einem Tante Emma Laden, auf dem steht: „Vorübergehend geschlossen, bin gleich wieder da.“ Kapazitätsgrenzen im Internet &#8211; eine Irritation, die mich nachdenklich macht. Erstens, zeigt es mir, wie schnell wir uns an ein Gefühl der unendlichen und sofortigen Verfügbarkeit gewöhnen, besonders im digitalen Raum. Zweitens wird für mich daran auch deutlich, dass wir uns an eine Geschichte der Grenzenlosigkeit gewöhnt haben, wovon die neueste Version sagt, dass die Digitalisierung uns ermöglichen wird, alle ökologischen Grenzen des Wirtschaftswachstums zu überwinden. Ich bin skeptisch und frage mich, welche realen ökologischen Auswirkungen die Digitalisierung eigentlich hat und wie sie sich zu den Grenzen des Wachstums verhält, denen wir gegenüberstehen. Glücklicherweise hat sich eine wissenschaftliche Arbeitsgruppe zum Thema „Digitalisierung und Nachhaltigkeit“ der Aufgabe bereits angenommen, diese Beziehung systematischer zu betrachten [1]. In einem Papier fragen sie, wie sich die zunehmende Verbreitung von Informationstechnologie (ICT) in der Wirtschaft auf den Energieverbrauch auf makroökonomischer Ebene auswirkt [2]. Der Energieverbrauch ist deshalb so interessant, weil er einer der wichtigsten Triebkräfte für ökologische Probleme ist. Wie sich der Energieverbrauch durch Digitalisierung verändert hängt ihnen zu folge <strong>von der Stärke von vier verschiedenen Konsequenzen der Digitalisierung </strong>ab (Abbildung): Zwei Effekte können den Energieverbrauch verringern (grün), während zwei ihn erhöhen (rot).</p>



<figure class="wp-block-image"><img decoding="async" src="https://lh7-us.googleusercontent.com/7x7ga5KhSiRF-6l31cb3EmPiOnXk08_EBuw1W-GT-eV1NK8M6btSXrkNnofoqLeuwYNVKv44Rs5EkMMGc_Tx5gi676qfDLGo1DAJA3tGxmLIEJQxXOdIW9UaVvYmYT1uGHFtvHFtdf_fJauro8Gnbg" alt="C:UsersspfauAppDataLocalMicrosoftWindowsINetCacheContent.Word1-s2.0-S0921800919320622-ga1_lrg.jpg"/></figure>


</p>
<p>


<p>1.) Ein grüner Faktor der Digitalisierung ist <strong>die potentielle Steigerung der Energieeffizienz:</strong> Denken Sie an reduzierten Autoverkehr durch Videokonferenzen, energieeffizientere Produktionsprozesse oder intelligente Logistik, die Transportenergie spart. Dieser Effekt ist ziemlich einfach nachvollziehbar und in Diskussionen um nachhaltige Digitalisierung omnipräsent.<br><br>2.) Ein weiteres grünes Potenzial ist der mit der Digitalisierung einhergehende <strong>Strukturwandel</strong>: Stellen Sie sich vor, mehr wirtschaftliche Aktivitäten, Produkte und Arbeitsplätze verlagern sich durch die Digitalisierung von industriellen Sektoren zu Dienstleistungssektoren. Dienstleistungssektoren sind im Allgemeinen weniger energieintensiv, was zu einem geringeren Energieverbrauch führen könnte. Wir hören auch viel über diesen Effekt der Digitalisierung, doch das ist nicht das ganze Bild.<br><br>3.) Die <strong>direkten Effekte</strong> der Digitalisierung beziehen sich auf die gesamte Energie, die benötigt wird, um Server zu betreiben und zu kühlen, Algorithmen zu trainieren, Servergebäude zu nutzen, Daten zu übertragen, Mitarbeiter einzusetzen usw. Die digitale Welt benötigt eine reale und materielle und energieintensive Infrastruktur, Orte und Menschen, die daran arbeiten.<br><br>4.) Neben diesen greifbaren Effekten der Digitalisierung gibt es auch einen indirekten: <strong>Wirtschaftswachstum </strong>durch Erhöhung der Arbeitsproduktivität. Für viele ist das auch genau das Ziel der Digitalisierung, aber das Problem ist, dass Wachstum eng mit steigendem Energieverbrauch verbunden bleibt und somit die Digitalisierung auch steigenden Energieverbrauch anstoßen kann.</p>


</p>
<p>


<p>Ob die Digitalisierung uns am Ende dabei hilft, Energie zu sparen, ist nicht so einfach zu sagen, denn uns fehlen genaue Daten für alle vier Aspekte, und es ist schwer zu messen, welche Effekte tatsächlich der Digitalisierung zuzurechnen sind. Die Autor*innen versuchen dennoch, mit den bestehenden Daten Tendenzen aufzuzeigen, und kommen zu dem Schluss, dass <strong>die Digitalisierung bisher den Gesamtenergieverbrauch in der Wirtschaft eher zu erhöhen scheint.</strong> Okay, könnten Sie sagen, aber warum sollte es mich interessieren, wenn der Energieverbrauch steigt, wenn wir ja einfach grüne Energiequellen verwenden können? Ist das dann nicht auch nachhaltig? Das Problem ist, dass wir noch sehr weit davon entfernt sind, 100% erneuerbare Energie zu erreichen (im Strom, aber vor allem auch im Wärmebereich), und es wird viel schwieriger, dieses Ziel zu erreichen, wenn der Energieverbrauch gleichzeitig steigt. Aus diesem Grund können wir durchaus in Frage stellen, ob die Digitalisierung die Möglichkeit für grünes Wachstum erhöht. In einer anderen Studie zu Digitalisierung und grünem Wachstum kommen die Autor*innen zu dem Schluss, dass<em> „…die Digitalisierung an sich nicht zu einer ausreichenden absoluten Entkopplung führt, d. h. zu einer ausreichenden Reduzierung von Ressourcen- und Energiebedarf sowie Umweltauswirkungen, um wichtige Nachhaltigkeitsziele zu erreichen, wie die Begrenzung der globalen Erwärmung auf oder unter 1,5 Grad Celsius“</em> [3].</p>


</p>
<p>


<p>Also, was können wir daraus lernen: Die Ausbreitung digitaler Technologien und digitaler Sektoren hat reale ökologische Auswirkungen, die mehr Aufmerksamkeit brauchen. Digitalisierung ist nicht an sich nachhaltig, sondern es hängt von dem politisch-wirtschaftlichen Rahmen ab, den wir ihr in unserer Gesellschaft geben, welche der genannten Effekte gefördert werden. Dies wird das nächste Thema dieser zweiteiligen Blogserie sein, in der wir uns mit dem Konzept der „digitalen Suffizienz“ auseinandersetzen.</p>


</p>
<p>


<p><strong>Quellen: (last access on 21.02.2023)</strong><br>[1] <a href="http://www.nachhaltige-digitalisierung.de/">www.nachhaltige-digitalisierung.de/</a><br>[2] Lange, S.; Pohl, J.; Santarius, T. Digitalization and energy consumption. Does ICT reduce energy demand? <em>Ecological Economics</em> <strong>2020</strong>, <em>176</em>. Available at: <a href="https://www.sciencedirect.com/science/article/pii/S0921800919320622?via%3Dihub">https://www.sciencedirect.com/science/article/pii/S0921800919320622?via%3Dihub</a><br>[3]<sup> </sup>Santarius, T.; Pohl, J.; Lange, S. Digitalization and the Decoupling Debate: Can ICT Help to Reduce Environmental Impacts While the Economy Keeps Growing? <em>Sustainability</em> <strong>2020</strong>, <em>12</em>, 7496. Available at: <a href="https://www.mdpi.com/2071-1050/12/18/7496">https://www.mdpi.com/2071-1050/12/18/7496</a>&nbsp; p. 12.<br><br><strong>Autor:</strong> Sven-David Pfau, Wirtschaftsuniversität Wien&nbsp;</p>


</p>
<p>


<figure class="wp-block-image"><img decoding="async" src="https://lh7-us.googleusercontent.com/r3nPwPSarIAzVrbULdRDshbyl1bxNQej0qx8yGlxrZbcxfhEbOv6etT57gKMfuYVA_VjXJZRmhiWxnj0G2O66XzdpPttDtIc6UQFGSusqZp76f4-lbMUkfJiFjuLkudAITnvhLF0QgTY" alt="Ein Bild, das Symbol, Grafiken, Schrift, Kreis enthält. Automatisch generierte Beschreibung"/></figure>


</p>
<p>


<p>Dieser Text wird gemäß den Bestimmungen der Creative Commons-Lizenz veröffentlicht: CC BY-SA 2.0. Der Name des Autors lautet wie folgt: Sven-David Pfau. Der Text und die Materialien dürfen unter folgenden Bedingungen reproduziert, verteilt, öffentlich zugänglich gemacht, geteilt und angepasst werden: In jedem Fall muss der Name des Autors, die Lizenz sowie die Website-Adresse der Originalquelle veröffentlicht werden.<br><em>Von der Europäischen Union finanziert im Programm Erasmus+. Die geäußerten Ansichten und Meinungen entsprechen jedoch ausschließlich denen des Autors bzw. der Autoren und spiegeln nicht zwingend die der Europäischen Union oder der Nationalagentur wider. Weder die Europäische Union noch die&nbsp; Nationalagentur können dafür verantwortlich gemacht werden.</em></p>


</p>
</p>
</p>


<p></p>

<p>Die grünen Versprechen der Digitalisierung kritisch betrachtet. Ich führe gerade eine Diskussion mit einer Freundin, und um zu zeigen, dass ich klug bin, verwende ich das komplizierte Wort „dialektisch“. Nach einer Nachfrage, was ich damit meine, merke ich, dass ich den Begriff eigentlich gar nicht erklären kann, und wende mich an die beliebte künstliche Intelligenz &hellip;</p>
<p class="read-more"> <a class="" href="http://work.economic-literacy.eu/de/der-digitale-fussabdruck-und-die-grenzen-des-wachstums-teil-1-energieverbrauch/"> <span class="screen-reader-text">Der digitale Fußabdruck und die Grenzen des Wachstums Teil 1: Energieverbrauch</span> Weiterlesen &raquo;</a></p>
